ite number?
False
Suppose 4*d - 16 = 0, -5*h + d + 49303 = 3*d. Let c = -5750 + h. Is c composite?
True
Let y be 2/(-20) + 1074/(-60). Let s be y/(-5) - 8/(-20). Suppose -s*c = -c - 1893. Is c a composite number?
False
Let s(g) be the third derivative of 37*g**5/24 + 43*g**4/24 - 26*g**3/3 + 45*g**2. Let b(j) be the first derivative of s(j). Is b(8) composite?
False
Let i be 464/18 + (-498)/(-54) + -9. Let d(k) = 101*k + 27. Is d(i) composite?
True
Suppose 0 = -5*u + 4*w + 682065, 48*w = -u + 46*w + 136427. Is u a prime number?
True
Suppose 44*j = -1706078 + 15594282. Is j composite?
True
Suppose -8*w + 52747 = -20333. Suppose 5*d + 20 = 0, -5*s = d - 6*d - w. Is s prime?
True
Let f(j) = 8623*j**2 - 72*j - 348. Is f(-5) prime?
True
Let n = 141 + -145. Let r(u) = -1538*u - 39. Is r(n) a composite number?
False
Suppose 3*c = 2*w - 16, 4*c = -0*w + 5*w - 26. Let q be 8/w + (215 - 3). Suppose 2*o - 4*i = -2*o + q, -2*i = 10. Is o prime?
False
Let n(r) = 11*r - 116. Let u be n(-27). Let z = u - -1782. Is z a composite number?
True
Let a(p) = p**3 + 14*p**2 - 13*p + 30. Let c be a(-15). Suppose 5 = l, -5*o + 2*l + 9505 = -c*o. Is o composite?
True
Let u(t) = -15 + 35 - 313*t + 309*t + 38*t**2 - 16. Let m(j) = -j - 1. Let n be m(-6). Is u(n) a composite number?
True
Let u(v) = -6*v**3 - 56*v**2 - 18*v + 7. Let c be u(-9). Suppose -c*f = -113043 - 61264. Is f prime?
False
Let d(k) be the third derivative of 3*k**4/8 + 11*k**3/3 + 4*k**2. Let h be d(-4). Is 7/(-49) + (-100)/h a prime number?
True
Let f be -3 + 20/75*6*5. Suppose 9*o = 4*u + 4*o - 4051, 0 = 3*u - f*o - 3042. Is u composite?
False
Let b = 41 + -38. Suppose b*o = -4*x + 4563, -o = -4*x + 3*o + 4528. Is x prime?
False
Let c be (-2)/6 + (-1400)/(-15). Let n = -88 + c. Suppose z - 947 = -y, -n*z + 3*y + 1874 = -3*z. Is z a composite number?
True
Suppose -o = 5*m + 5, 3*o - 2*m - 7 = -6*m. Suppose o*c = 16 + 614. Suppose -k - c + 313 = 0. Is k a prime number?
False
Let t be 0 + (-127467)/(-72) + 9/(-24). Let v = t + 2525. Is v a composite number?
True
Suppose -317 = 3*i + 10*p - 5*p, -2*i - 3*p = 211. Let b = -99 - i. Suppose -3*x + 0*x + 37 = a, b*a - 151 = 2*x. Is a a composite number?
False
Let k = 28724 + -13297. Is k a prime number?
True
Let l = -102 - -105. Suppose l*n + 2*h - 25710 = -4951, -3*n + 5*h = -20794. Suppose n = -0*i + 7*i. Is i prime?
False
Suppose 0 = -y + u - 11, 2*y + u + 6 = -13. Let o be (-12)/30 - 924/y. Suppose 0 = 3*p - p - o. Is p a prime number?
False
Suppose -5*x - 5*d + 413108 = -550397, 4*d - 16 = 0. Is x composite?
False
Let d(l) = 216*l**2 - 2*l - 3. Let q be d(-3). Let o = q - 993. Let i = -661 + o. Is i composite?
False
Let d(n) = -24916*n + 27. Is d(-1) a composite number?
False
Suppose 21*x - 3*n + 1011963 = 27*x, -x = -2*n - 168653. Is x a composite number?
True
Let s(d) = -104*d**3 + 2*d**2 + 2*d + 3. Let y(c) = c**2 + 7*c + 4. Let h be y(-6). Is s(h) a prime number?
True
Suppose -3*v = -5*k - 672314, 0 = -v + 8*k - 13872 + 237945. Is v prime?
True
Let p = -12605 - -373552. Is p a composite number?
False
Suppose -14*z - 37967 + 314224 + 46485 = 0. Is z a composite number?
False
Let w(i) = 1425*i - 96. Let y be w(-6). Let f = y - -18631. Is f prime?
False
Let b(i) = 85*i**2 + 21*i - 21. Let g be -15*1 + -1 + 5. Let v(x) = -17*x**2 - 4*x + 4. Let m(f) = g*v(f) - 2*b(f). Is m(-3) composite?
True
Let j(r) = 629662*r**2 + 47*r - 28. Is j(1) prime?
False
Let w = -70 - -73. Suppose -w*m + 0*m = -6222. Suppose m = 4*p + 258. Is p a prime number?
False
Let o(j) = -1 + j - 16 - 7*j - 27*j. Is o(-22) prime?
True
Let z = -140652 + 523561. Is z prime?
False
Suppose i - 28 = -3*u + 6*i, -4*u + 22 = i. Suppose u*n - 108 = 72. Let k = n - -16. Is k composite?
True
Suppose -9246 + 29137 = 5*i - 2*h, 3*i = 3*h + 11931. Suppose 179 = -2*q - 2*u + i, 5*q = 4*u + 9527. Is q a composite number?
True
Let w be ((160/6)/(-8))/(5/15). Is 1/w + 133/140*138 prime?
True
Suppose 82*c - 13987691 = -16*c + c. Is c a composite number?
False
Let c be 25/50 + 4011/(-12)*-26. Suppose -n + 4*l = -c, -3*n + l - 4*l + 26103 = 0. Is n a prime number?
True
Suppose -5*m + 38005 = 3*b, -5*b - 22803 = -872*m + 869*m. Is m prime?
False
Let l be (111 + -117)*(8/3)/(-1). Let v(d) = d**3 - 8*d**2 - 16*d + 31. Is v(l) a prime number?
True
Let q(w) = 283*w**2 - 553*w - 9. Is q(17) prime?
False
Let l be ((-3 - -2) + -4132)*1. Let d = -2910 - l. Let w = d + -136. Is w a prime number?
True
Is (628*-3516)/(-8) - ((0 - 2) + 9) a composite number?
False
Suppose 2*x - 18608 = 42470. Is x a prime number?
True
Let u(j) = j**3 - 29*j**2 + 5*j - 7. Let i = 519 + -489. Is u(i) composite?
True
Suppose 9*k - 49679 = 4069. Let s = k + -4239. Is s a composite number?
False
Let v(s) = -s**2 - 5*s - 4. Let g be v(-3). Let r be 4 - -10 - (8 - -7). Is (r - -2) + g + (-8796)/(-3) prime?
False
Let s = 1689 - -218. Let o be ((-12)/16 + 0)/((-21)/112). Suppose 5*y + 2*n = 1662 + s, -2860 = -4*y - o*n. Is y a composite number?
True
Suppose r + 3*x - 2 = 0, -2*r + 5*x = -0*r + 18. Let f(s) = -2*s - 6. Let a be f(r). Suppose 5606 = 4*p - a*m, 3*m - 1497 = -p - 113. Is p composite?
False
Suppose -3*f + 40 = -k, -k - 280 = 4*k + f. Let j be (k/(-44))/(1/(-4)). Is (4 - 1425/j) + 2 a composite number?
True
Suppose 39 - 95 = -14*a. Suppose b + 0*k = -k + 1745, a*b = -5*k + 6984. Is b composite?
False
Let n(o) = -25*o + 114. Let p be n(6). Is 36442/22 + p/(-66) prime?
True
Let b(o) = -34*o**3 + 12*o**2 + 21*o + 9. Is b(-13) a composite number?
True
Let h(d) = 9*d**2 + 133*d - 9. Is h(-19) a composite number?
True
Suppose 4*i = -3*y + 121763, 6*i + 3*y + 60859 = 8*i. Is i composite?
True
Let a(s) = -2*s**2 - 10*s - 12. Let q be a(-4). Is (q - -8) + 17248 + 5 a prime number?
True
Let w be 6/8 - 204639/(-12). Suppose -w = -3*q - t, 4*q - 28998 + 6241 = -5*t. Is q prime?
True
Let m(q) = -882*q + 2*q**2 - 31 + 27*q**2 + 874*q + 34*q**2. Is m(-4) a prime number?
True
Let t(j) = -j**3 - j**2 + 2*j. Let b be t(-3). Suppose b = x + 5. Suppose -2*p + 5*g + 4614 = 0, x*p + 5*g = 2*p + 11605. Is p a composite number?
True
Let d(a) = 1817*a**2 + a - 14. Let q be d(3). Suppose 6*b + q = 8*b. Is b prime?
True
Let b(k) = 22724*k**2 - 12*k - 1. Let h be b(1). Let t = h - 10730. Is t a composite number?
False
Let d be 68976/(-30) + (-3)/(-15). Let x = d - -4922. Suppose -542 = -5*j + x. Is j a composite number?
True
Let o = -8 - -14. Let r(w) = 26*w**2 - 6*w - 1. Let i(t) = 25*t**2 - 6*t - 1. Let f(y) = 6*i(y) - 5*r(y). Is f(o) prime?
True
Let o(j) = 17*j**3 - 230*j**2 - 231*j + 41. Is o(33) prime?
False
Suppose 36 - 34 = -q. Let n be (3/18 - (-674)/(-3))*q. Suppose -3*a + n = -2*a. Is a a prime number?
True
Let k(t) = -2*t**3 - 22*t**2 - 59*t - 34. Let w be k(-14). Suppose 4*a = 20108 + w. Is a prime?
True
Suppose 3*a + 3*h - 20778 = 0, 3*h = -5*a + 52713 - 18083. Is 5*(a/10 - -6) prime?
False
Let c = -181 - -205. Suppose -31*l = -c*l - 372869. Is l prime?
True
Let a = 4 + -8. Let z(n) = -846*n + 14. Let g(h) = -21*h + 3. Let q(s) = -3*g(s) + z(s). Is q(a) composite?
False
Let u(m) = 628*m**2 - m + 2. Suppose 18 = 5*d + 318. Let p = -59 - d. Is u(p) composite?
True
Let x = -304 + 463. Let m = 52 + x. Is m a prime number?
True
Let s = -2647 + 5015. Suppose 2*h - 2376 = -m, 2*h - m + 6*m = s. Is h a composite number?
True
Let k(q) = -264*q + 1157. Is k(-82) prime?
False
Suppose 3*f - 132731 = -2*j, 5*j - 53384 = -5*f + 167821. Is f composite?
False
Let a = 166 + -330. Let y = a + 322. Is y prime?
False
Is (-5655401)/(-524) - (-2)/8 a prime number?
False
Let t(q) = 673*q**2 + 18*q + 11. Let r be t(5). Suppose 2*v - 3*f = -f + r, -4*v + f + 33846 = 0. Is v prime?
True
Let o be 1 + 4/(-8)*-2 + 1. Suppose -o*g - 6*n + n + 2307 = 0, 3*g + 3*n = 2307. Is g composite?
False
Let o(u) = -u**3 + 19*u**2 - 5. Let l be o(19). Let a be l/((-1)/(18/(-2))). Is (-14925)/a - 4/6 prime?
True
Suppose 47*p - 105126 = 5*p. Is p a prime number?
True
Let g = -5184 + 20701. Is g composite?
True
Let s = -20884 - -60353. Is s a composite number?
True
Let u(d) = 5*d**2 - 33*d + 23. Suppose 26 = -2*l + l - 2*t, 0 = -2*l - 5*t - 50. Is u(l) prime?
False
Suppose 3*i = 58 + 53. Suppose i*z - 16*z = 2751. Is z a composite number?
False
Let s(r) = -r**2 - 8*r - 1. Let h be s(-6). 